 be f(c). Calculate the remainder when 159 is divided by 36 - ((p - 4) + 1).
39
Let i = -25 + 43. Suppose -30*k = -39*k + i. Calculate the remainder when (-203 + 1)*((-8)/k)/8 is divided by 26.
23
Let b(m) = -m**3 + 6*m**2 - 7*m. Let w be b(4). Suppose 3*a - 625 = -w*g, -a + 4*a - 4*g = 617. Calculate the remainder when a is divided by 21.
18
Suppose -4*u + 65 + 51 = 0. Calculate the remainder when 32/((-102)/27 + 4) is divided by u.
28
Suppose 7605 = -52*n + 97*n. Calculate the remainder when n is divided by 166.
3
Let h = 110 + -46. Let b be -47 - -3*(-4 - -5). Calculate the remainder when h is divided by (0 - b)*(-8)/(-16).
20
Let i(d) = d**2 - 131*d - 919. What is the remainder when 553 is divided by i(-7)?
36
Let p be (3 + -410 + -6)*1. Let o = -215 - p. What is the remainder when o is divided by 50?
48
Let u = 70 - -159. Let k = 14652 + -14594. Calculate the remainder when u is divided by k.
55
Let o(t) = -2*t**2 - 74*t - 97. Calculate the remainder when 381 is divided by o(-34).
60
Let q = 2 - -12. Let p = -224019 - -224144. What is the remainder when p is divided by q?
13
Let h(k) = 34*k. Let u be h(1). Let n be u/5*(-15 + 30). Let c = 188 - n. Calculate the remainder when c is divided by 18.
14
Let p = 3113 + -3111. Let b = -11 + 21. Calculate the remainder when b is divided by p.
0
Calculate the remainder when 66707/19 - 246/(-2337) is divided by 1754.
3
Suppose 181*i - 256*i + 60450 = 0. What is the remainder when 1616 is divided by i?
4
Let x be 3/(-4) - 297/(-108). Suppose 2*b - 53 = -5*g, -9*b + 4*b - x*g = -164. What is the remainder when 156 is divided by b?
20
Let r(h) = 340 + 0*h + 4*h - 4*h + 9*h. What is the remainder when r(11) is divided by 17?
14
Let v(r) = -6*r**3 - 45*r**2 + 20*r + 34. Let h be ((-36)/16)/((-1)/36). Suppose -h = -3*l + 21. Calculate the remainder when v(-8) is divided by l.
32
Let a(d) = 33*d**2 + 420*d - 2894. Calculate the remainder when a(7) is divided by 44.
35
Suppose -15*o = -14*o - 211. Calculate the remainder when o is divided by 56.
43
Let h = -53 - -69. Let d be (4/6)/(h/24). What is the remainder when (-134*d)/(-14 - -13) is divided by 45?
44
Suppose 3*c = 2 + 64. Calculate the remainder when (3 + -37 + -47 + 47)/(-1) is divided by c.
12
Calculate the remainder when 1523 is divided by (-4 - -8)/((-37)/(-703)).
3
Let t = -11 - -14. Suppose -2*l + 36*i - 32*i + 50 = 0, -22 = -2*l - 3*i. Calculate the remainder when l is divided by t.
2
Let d be (0 - (3 + -7))*2. Suppose o = 2*a - d, 2*o - 10 = -3*a + 2. Suppose -y + 2*y - 10 = o. Calculate the remainder when y is divided by 3.
1
Suppose 23*m - 30*m + 14 = 0. Suppose -m*v = 3*p - 22, -10*v + 7*v = 5*p - 33. Calculate the remainder when 43 is divided by v.
10
Let t = -55 - -83. Let j(l) = -19*l - 413. Let b be j(-23). Calculate the remainder when t is divided by (27 - b)/((-1)/(-3)).
1
Suppose -145*t + 2495 + 4316 = -874. What is the remainder when 2213 is divided by t?
40
Let t(y) = -9*y + 66. Let x be t(7). What is the remainder when 13 is divided by (2 - x) + 1 - 11/(-11)?
0
What is the remainder when (-10)/(280/(-74613)) + 2/(4 + 4) is divided by 120?
25
Suppose 2*u - 7*u + 4*v + 1891 = 0, -5*u + 3*v = -1892. Let s = -344 + u. What is the remainder when 67 is divided by s?
32
Let l(p) = 262*p + 5210. Calculate the remainder when l(-17) is divided by 91.
28
Let a = 32 + 96. Suppose -3*o - 4*s + 96 = 0, 4*o + 2*s = 5*s + a. Calculate the remainder when (-555)/(-9) - (-4)/(-6) is divided by o.
29
Let l(n) = -210*n + 33. Let x be l(1). Let y = -141 - x. Calculate the remainder when 120 is divided by y.
12
Suppose 4*y + 50 = 9*y. Let l be (-54)/y - (2/(-5) - 0). Calculate the remainder when ((-84)/(-20))/(l/(-50)) is divided by 22.
20
Let t(k) = k**3 - 45*k**2 + 148*k - 885. Let o(b) = 4*b**2 - 6*b - 1. Calculate the remainder when o(5) is divided by t(42).
30
Let v = 417 - 279. Suppose -15*c + 12 + v = 0. Calculate the remainder when (-808)/(-28) - 1/(-7) is divided by c.
9
Suppose 0*o + 4*o = 12. Suppose 3*f = -o, 2*j - 5*f - 13 = -0. Calculate the remainder when 43 is divided by j.
3
Let b(g) = g**2 - g - 3. Suppose -19*u - 14*u = -6*u - 1728. What is the remainder when u is divided by b(5)?
13
Let n = 9231 + -9174. What is the remainder when 454 is divided by n?
55
Suppose 6*r - 40 + 22 = 0. Suppose 2*g - 483 = r*i, 0 = -5*g + 2*g + 2*i + 722. What is the remainder when g is divided by 27?
24
Let t(a) = 3*a**2 + 31*a + 18. Let v be t(-10). What is the remainder when 393 is divided by (6633/(-268))/((6/v)/(-3))?
96
Let g = 472 + -229. Calculate the remainder when g is divided by 59.
7
Let r = 24 + 24. Suppose 0 = 2*s - 5*l - 33 - r, 0 = -5*l - 15. Calculate the remainder when 63 is divided by s.
30
Let i(o) be the second derivative of -o**3/6 + 73*o**2/2 + 10*o. Calculate the remainder when 94 is divided by i(22).
43
Let p = 79 + 237. What is the remainder when p is divided by 159?
157
Suppose 0*f - 65 = f. Let y = f + 70. Suppose -389 + 104 = -y*b. Calculate the remainder when b is divided by 15.
12
Let u = -6 + 8. Suppose -4*v + 20 = -u*v. Suppose 52131*w - 52150*w + 285 = 0. Calculate the remainder when w is divided by v.
5
Let l(s) = -11 + 2*s + 17*s - 9*s + 3*s**2 + 5*s. Calculate the remainder when 75 is divided by l(-6).
5
Let i = -4284 + 4448. Calculate the remainder when i is divided by 121.
43
Suppose -3*m - 65 = 52. Let s = m - -82. Calculate the remainder when s is divided by 23 - (-7 + (17 - 2)).
13
Let w(d) = -99*d - 6896. Suppose 3*k - 566 = -z, 3*z + 192 = 2*k - k. Let g = -122 + k. What is the remainder when g is divided by w(-70)?
33
Suppose 63 = 5*s + 4*x, -5*s + 4*x + 27 = -4*s. Suppose -s*g + 545 = -10*g. Suppose 5*b - g + 34 = 0. What is the remainder when 117 is divided by b?
12
Suppose 3*q - 17 = -x, 4*x - 4*q + q = -7. Suppose 3*k + 2*k = 3*z + 304, 3*k = x*z + 183. What is the remainder when k is divided by (2 + -20)*26/(-78)?
5
Suppose -1577 = 3*s + 6*o - 4*o, 0 = -4*s + 2*o - 2112. Let l = s + 546. What is the remainder when l is divided by 17?
2
Let i(b) = 19*b - 262. What is the remainder when 83 is divided by i(16)?
41
Let i(g) = -g**3 - 8*g**2 - 2*g - 4. Calculate the remainder when 2475/105 + -1*(-9)/21 is divided by i(-8).
0
Suppose 0 = 5*c + 4*p - 45, 5*c - 45 = -0*p + 2*p. Suppose -224 = -c*i + 1. What is the remainder when 93 is divided by i?
18
Suppose 26*t - 2740 = 2*t + 4*t. What is the remainder when t is divided by 7?
4
Suppose 2*d + 0*d = 32. Suppose -235 = -d*x + 485. What is the remainder when (-12)/(-6) + -1 + 85 is divided by x?
41
Let q(m) = m**2 - 3*m + 5. Let z be q(3). Suppose z*s - 8*s = 4*f - 576, 4*s - 4*f = 796. What is the remainder when s is divided by 67?
62
Suppose 70 = 5*u + 5*b, -78*u + 3*b = -74*u - 28. What is the remainder when 113 is divided by u?
3
Let a = 2721 - 1072. What is the remainder when a is divided by 14?
11
Let x(t) = -23*t - 28. Let g be (78/(-12) - -4)*2. Let z be x(g). Suppose -5*r + 88 = -z. Calculate the remainder when r is divided by 13.
9
Suppose 10*t + 12024 = -14*t. Let v = t - -519. What is the remainder when 104 is divided by v?
14
Let l(d) = -512*d + 1044. What is the remainder when 24256 is divided by l(2)?
16
Let m = -4417 - -4449. What is the remainder when 2514 is divided by m?
18
Let j(u) = -10*u**2 + 5*u + 4793. What is the remainder when j(0) is divided by 94?
93
Let l(c) = -4*c + 55. Let h be l(12). Suppose h*a - 366 + 100 = 0. What is the remainder when a is divided by 12?
2
Suppose 10*w - 11*w + 6 = 2*a, w = 3*a + 26. What is the remainder when (w - 17 - -1)*1*-6 is divided by 3?
0
Suppose 5*g - 2598 = -3*y - 612, 0 = -4*g - 2*y + 1586. Calculate the remainder when 795 is divided by g.
9
Suppose -a + g + 67 = -3*g, 5*a - 335 = -4*g. Let t = 229 - -111. Calculate the remainder when a is divided by -12 + t/30 + 32/3.
7
Let u = -389 + 391. Suppose 4*l = -4*b + 352, -5*b + 7*b - u = 0. Calculate the remainder when l is divided by 15.
12
Let m = -354 - -358. What is the remainder when 249 is divided by 1/m - 1540/(-112)?
11
Let a(m) be the first derivative of -m**3/3 + 15*m**2/2 + 36*m - 91. Let h = -25 + 80. Calculate the remainder when h is divided by a(16).
15
Suppose 5*b - 17625 = 5*f, 17604 = 5*b + 67*f - 65*f. Calculate the remainder when b